0/((-3 - 1)/4). Suppose 2*x + 3*k - 5*k = -14, 5*x - 2*k + 26 = y. What is the units digit of 1*-21*x/3?
8
Suppose -22764 = -15*c - 6*c. What is the units digit of c?
4
Let s(a) be the third derivative of 0*a - 7/3*a**3 + 1/12*a**4 - 2*a**2 + 0. What is the tens digit of s(12)?
1
Let h(w) = 3*w - 4. Let v(g) = -4*g + 3. Let t(n) = -5*h(n) - 4*v(n). Let i be (-4 - (-12)/3)/(-1). What is the units digit of t(i)?
8
Suppose 0 = 3*o, 0 = -6*v + 4*v + o - 10. What is the tens digit of (-2 - (15 - 0))*v?
8
Let t be 1/(0 + 2/10). Suppose -4*z - 16 - 5 = 5*p, -t*z - 4*p - 24 = 0. What is the units digit of (-22)/z + 6/(-4)?
4
Let z be (-2589)/(-21) + (-8)/28. Suppose 5*k + z = 2*i, -33 = -3*i - 4*k + 117. What is the tens digit of i?
5
Let v(z) = z + 30. Let p be 0 + 0/(3 + 1). Let g be v(p). Let w = -12 + g. What is the units digit of w?
8
Let d(u) be the second derivative of u**4/6 - u**3/6 + 2*u**2 - 8*u. Let n be d(4). Suppose 0 = -2*h + 2, 2*x - n - 74 = 2*h. What is the tens digit of x?
5
Let r(l) = -l**3 + l - l**2 - 7*l**2 + 15 - l**2 - 5*l**2. Let n be r(-14). What is the units digit of -3*(-3 + n + 1)?
3
Suppose -3*a + 15 = 4*q + 4, -5*q = -5*a + 30. Suppose 136 = z + 2*t - 13, -a*t = 2*z - 302. What is the tens digit of z/4 + 3/(-12)?
3
Let s(q) = -3*q**3 + 5*q + 17 - 23 + 9*q**2 - 6 + 2*q**3. What is the tens digit of s(9)?
3
Suppose 42*z - v = 45*z - 9188, -5*v = 2*z - 6134. What is the thousands digit of z?
3
Suppose 3*y - 15 = 0, -4*h + 65 = -0*h + y. Suppose -h - 9 = -3*z. What is the units digit of z?
8
Let a be (-2)/(-1 - -2) + 2. Let y be (a - -2) + (1 - 1). What is the units digit of (8/10)/(y/35)?
4
Suppose -4*u - 3*k + 225 = 0, k - 111 - 108 = -4*u. Let y(a) = a - 35. Let i be y(6). Let d = i + u. What is the tens digit of d?
2
Suppose -f + 2*n + 4 = 0, -25 - 11 = -5*f + 2*n. Suppose 5*m = 7 + f. Suppose -39 = -3*g + m. What is the tens digit of g?
1
Let l(p) = p**2 + 5*p - 2. Let v be l(-6). Suppose 0*d + 8 = v*d. Suppose 0 = 5*o - 10, -2*w + d*o + o = -86. What is the tens digit of w?
4
Suppose -2*u - 5*l = 2*u + 253, -u - 58 = -4*l. Let y = -16 - u. What is the tens digit of y?
4
Let r be (640/(-60))/((-4)/126). Suppose 5*n - r = -3*y, 4*n - 325 = -5*y + 235. What is the hundreds digit of y?
1
Let q be (6/9)/(6/81). What is the units digit of (104/6)/(3/q)?
2
Let h(z) = -z + 241. Let n be h(0). Suppose t + 4*t = 2*k - n, 4*k + 4*t - 496 = 0. What is the units digit of k?
3
Suppose -2124 = -64*r + 60*r. What is the tens digit of r?
3
Let p(b) = -b**2 + 2*b. Let j(c) = -c**2 + 1. Let y(m) = -2*j(m) - p(m). Let l(r) be the first derivative of y(r). What is the tens digit of l(3)?
1
Let y = 14 - 15. Let t be (y - 7)*(-9)/12. Suppose -68 = -10*x + t*x. What is the units digit of x?
7
Let j be 2/(-3) - (-22)/6. Let a be (20/8)/(8/208). Suppose -j*o - 2*o = -a. What is the tens digit of o?
1
Let w(x) = 15*x - 54. Let q = -66 - -82. What is the hundreds digit of w(q)?
1
Let a(n) = -15*n + 567. What is the tens digit of a(-61)?
8
Suppose -v + 102 = -5. What is the hundreds digit of v?
1
Let u = 743 - 379. What is the hundreds digit of u?
3
Suppose -3*m - 3*x - 3142 = -10348, -3*m + 4*x + 7192 = 0. What is the units digit of m?
0
Suppose 2 = c + 1. Let d(k) = 130*k - 3. What is the units digit of d(c)?
7
Let m = -4 + 4. Suppose 3*r - r - 170 = m. What is the tens digit of r?
8
Suppose 4*a - 333 = 867. What is the tens digit of a?
0
What is the tens digit of 45/15 + (-4)/(20/(-5615))?
2
Suppose 33*k + 15 = 38*k. Suppose k*g = 76 + 209. What is the units digit of g?
5
Suppose 1753 + 123 = z + f, z + 5*f = 1868. What is the units digit of z?
8
Let l(j) be the third derivative of j**5/60 + j**4/8 - 7*j**3/2 + 36*j**2. What is the units digit of l(-7)?
7
Let a(s) = 29*s + 3. Let r(i) = 59*i + 6. Let p(q) = -7*a(q) + 4*r(q). What is the units digit of p(2)?
9
Let m(q) = q**3 + 12*q**2 - 8*q - 25. Let k be m(-12). Let b = k - 54. What is the tens digit of b?
1
Suppose 4*b = -5*x - 19, -3*x + 2*b + 3*b = 4. Let u(n) = 30*n**2 + 2*n - 2. What is the units digit of u(x)?
2
What is the tens digit of 8/(-2) + 65880/60?
9
Let n(y) = -117*y - 692. What is the tens digit of n(-17)?
9
Let x(z) = 2*z**2 + 2*z - 2. Let q be x(1). Suppose -3*r + 4*w + 4 = 2, -2*r - 2*w = -20. What is the units digit of 24 + q*(-3)/r?
3
Let j = 13 + -11. Suppose 4*i + 4 = 0, -3*i + 17 = j*h + 3*h. Suppose 3*o - h*v = 39 + 68, 5*o = -2*v + 135. What is the units digit of o?
9
Suppose 16*x = 4031 + 849. What is the hundreds digit of x?
3
What is the units digit of 6/45 - 85115/(-75)?
5
Let f(b) = 3*b + 17. Suppose 3*v + 40 = 11*v. What is the tens digit of f(v)?
3
Let v be (0 + 2)/((-20)/(-70)). Suppose 2*h = v*h - 415. What is the tens digit of h?
8
Suppose 5*f + 3707 = 5*z - 1458, -2058 = -2*z + 4*f. What is the hundreds digit of z?
0
Let s be 12/10*1610/21. Let m = -89 + s. What is the units digit of m?
3
Suppose -8*r + 3*r - 1105 = 0. Let v = 336 + r. What is the hundreds digit of v?
1
Suppose -14893 + 4301 = -2*w. What is the hundreds digit of w?
2
Let r = 53 - 47. Suppose 15 = r*a - a, -4*a + 8 = -2*t. What is the units digit of t?
2
Suppose 3*a + 4*o - 9*o = 17, -2*a + 13 = -5*o. Suppose a*y - 35 = 345. What is the units digit of y?
5
Suppose 25*l - 2*l - 92092 = 0. What is the hundreds digit of l?
0
What is the units digit of (51 - 49)/(-2 + (-449)/(-224))?
8
Suppose -12*j + 16*j - 12 = 0. What is the units digit of ((-26)/j)/(6/(-36))?
2
Let g be (-58)/(1 + 5/(-4)). Suppose 0 = -5*d - 2 + g. What is the units digit of d?
6
What is the units digit of (266 + 5)/1 - 7?
4
Let h = -3755 - -5421. What is the tens digit of h?
6
Suppose 4139 = 17*j - 40248. What is the hundreds digit of j?
6
Suppose u - 2084 = -2*r + 3*u, 2*u - 5189 = -5*r. What is the hundreds digit of r?
0
Let a = -74 + 126. What is the units digit of a?
2
Suppose -h + 3 = -1. Suppose -7*i + h*i - 2*v + 233 = 0, 79 = i + 2*v. What is the tens digit of i?
7
Let g(n) = -n**3 - 3*n**2 - 5*n + 3. Let k be (-1)/(-2) - (-27)/(-6). Let t be g(k). Let i = 83 - t. What is the units digit of i?
4
Suppose 3*v = 2*o - 7, 0*v - 2*v = -2*o + 2. Let j be v*(3 - 5)*10. Suppose -3*d + 5*n + j = 0, -5*d + 145 = -2*n - 2*n. What is the tens digit of d?
2
Let z be (-4)/(-22)*11*1. Suppose 0 = 2*c + 3*n - z*n - 9, 3*n = -5*c + 22. What is the units digit of c?
5
Let d(j) = 19*j**3 - 2*j**2 + j - 6. What is the hundreds digit of d(3)?
4
Let y(f) = -f**3 - 14*f**2 + 5. Suppose 0 = 3*g + 39 + 3. What is the units digit of y(g)?
5
Let y = 95 + -56. Let l be 3/(-1)*130/y. What is the units digit of l/(-40) + (-230)/(-8)?
9
Let w(m) be the first derivative of 10*m**2 + 53*m + 47. What is the tens digit of w(14)?
3
What is the hundreds digit of ((-12)/(-5))/((-29990)/6000 - -5)?
4
Let s(n) = -n - 3. Let b(f) = -3*f - 5. Let r(x) = 2*b(x) - 5*s(x). Let o be r(7). Let u = 44 + o. What is the units digit of u?
2
Suppose 2*g - 1104 = -5*l, -129 = g - 2*l - 672. What is the hundreds digit of g?
5
Suppose -21*s = -19*s - 6. Suppose y - 3*y + f = -14, 0 = 2*y - s*f - 22. Suppose -y*z - 5*n + 69 = 19, -5*n = 3*z - 22. What is the units digit of z?
4
Let g(r) = -r + 5. Let y(b) = 6*b - 24. Let s(i) = -11*g(i) - 2*y(i). Let q be s(-7). Suppose q = 4*w - 119 + 11. What is the units digit of w?
7
Let s(b) = 42*b + 26. What is the hundreds digit of s(5)?
2
Let o = 22 + -22. Suppose 2*u - 5*g - 132 = o, 0 = 5*u + g - 6*g - 315. What is the tens digit of u?
6
Suppose -2*p - 2*w = -5504, -3*w = -5*p - w + 13795. What is the thousands digit of p?
2
Let z(c) = -c**2 + 9*c + 2. Let g be z(9). Let b be (-5)/(-2)*5*g. Let x = -6 + b. What is the units digit of x?
9
Let d = 6 - 9. Let w(h) = 4 - 4*h + 2*h - 4. What is the units digit of w(d)?
6
Let j(v) = 182*v**2 + 3*v + 3. Suppose -2*p + r - 7 = 0, 2*p + 2*r - 6 = -2*p. What is the tens digit of j(p)?
8
Let t(w) = -w**2 + 17*w + 22. Let y be t(18). Suppose -y*c + c = -294. What is the tens digit of c?
9
Let n(h) = -h + 22. Let p be n(15). Let r be (5 - p)*(-255)/2. Suppose 3*i - r + 93 = 0. What is the tens digit of i?
5
Suppose 0 = -3*m - r + 182, 5*m + 5*r - 306 = 2*r. Suppose -g + 5*g - 144 = 0. Let j = m - g. What is the tens digit of j?
2
Suppose -i - 4*z = -9*z - 785, z = -2*i + 1548. What is